{"id":112,"date":"2017-09-13T13:59:32","date_gmt":"2017-09-13T11:59:32","guid":{"rendered":"http:\/\/test.netface.ro\/horvath1\/?page_id=112"},"modified":"2017-09-13T13:59:32","modified_gmt":"2017-09-13T11:59:32","slug":"engedelyek","status":"publish","type":"page","link":"https:\/\/www.horvathservice.ro\/?page_id=112&lang=hu","title":{"rendered":"Enged\u00e9lyek"},"content":{"rendered":"<div class=\"art-content-layout\">\n<div class=\"art-content-layout-row\">\n<div class=\"art-layout-cell layout-item-0\">\n<h4>Enged\u00e9lyek:<\/h4>\n<ul>\n<li>RSVTI<\/li>\n<li>RSL<\/li>\n<li>RSV<\/li>\n<li>RADTI<\/li>\n<li>ISO 9001<\/li>\n<li>ISO 14001<\/li>\n<li>ISO 18001<\/li>\n<li>T\u0171zv\u00e9delmi rendszerek ellen\u00f6rz\u00e9se, karbantart\u00e1sa<\/li>\n<\/ul>\n<\/div>\n<\/div>\n<\/div>\n<div class=\"art-content-layout\">\n<div class=\"art-content-layout-row\">\n<div class=\"art-layout-cell layout-item-0\">\n<p>Generalit\u0103\u021bi<\/p>\n<\/div>\n<div class=\"art-layout-cell\"><\/div>\n<\/div>\n<\/div>\n<div class=\"art-content-layout\">\n<div class=\"art-content-layout-row\">\n<div class=\"art-layout-cell layout-item-0\">\n<p class=\"Textbody\">Cerin\u021bele minime obligatorii privind instalarea, punerea \u00een func\u021biune, utilizarea, \u00eentre\u021binerea, repararea \u0219i verificarea tehnic\u0103 periodic\u0103 a echipamentelor ce intr\u0103 sub inciden\u021ba I.S.C.I.R. sunt grupate intr-un set de normative denumite Prescrip\u021bii Tehnice.\u00a0 Fiecare Prescrip\u021bie Tehnic\u0103 se aplic\u0103 unei grupe de echipamente care constructiv \u0219i func\u021bional sunt asem\u0103n\u0103toare.<\/p>\n<p>Conform Prescrip\u021biilor Tehnice lucr\u0103rile de: instalare, montare, punere \u00een func\u021biune, utilizare, intre\u021binere, reparare \u0219i verificare tehnic\u0103 periodic\u0103 trebuie s\u0103 fie executate de societ\u0103\u021bi autorizate de I.S.C.I.R.<\/p>\n<p class=\"Textbody\">Societatea Comercial\u0103\u00a0Horvath Service S.R.L<\/p>\n<\/div>\n<\/div>\n<\/div>\n<div class=\"art-content-layout\">\n<div class=\"art-content-layout-row\">\n<div class=\"art-layout-cell layout-item-0\">\n<p>Autoriza\u021bii I.S.C.I.R.:<\/p>\n<\/div>\n<div class=\"art-layout-cell\"><\/div>\n<\/div>\n<\/div>\n<div class=\"art-content-layout\">\n<div class=\"art-content-layout-row\">\n<div class=\"art-layout-cell layout-item-0\">\n<p><b>A. Conform PT A1 &#8211; 2010:<\/b><\/p>\n<\/div>\n<div class=\"art-layout-cell\"><\/div>\n<\/div>\n<\/div>\n<div class=\"art-content-layout\">\n<div class=\"art-content-layout-row\">\n<div class=\"art-layout-cell layout-item-0\">\n<p class=\"Textbody\">Domeniu de autorizare:<\/p>\n<ul>\n<li>Instalare<\/li>\n<li>Montare<\/li>\n<li>Reparare \u0219i \u00eentre\u021binere<\/li>\n<li>Verific\u0103ri tehnice \u00een utilizare<\/li>\n<\/ul>\n<p class=\"Textbody\">Echipamente:<\/p>\n<ul>\n<li>aparatele, cu puteri nominale P \u2264 400 kW utilizate pentru \u00eenc\u0103lzit, alimentate cu combustibil gazos sau lichid (Generatoare de aer cald, instante de preparare A.C.M., Tuburi radiante, Convectoare, Aparate de aer condi\u021bionat)<\/li>\n<li>cazanele de ap\u0103 cald\u0103, cu puteri nominale P \u2264 400 kW \u0219i temperatura maxim\u0103 a apei calde de cel mult 110\u00baC, alimentate cu combustibil gazos, lichid sau solid<\/li>\n<li>cazanele de abur de joasa presiune cu debitul nominal Q \u2264\u00a00,6 t\/h \u0219i\u00a0presiunea maxim\u0103 a aburului de cel mult 0,05 MPa (0,5 bar), alimentate cu\u00a0combustibil gazos, lichid sau solid<\/li>\n<\/ul>\n<\/div>\n<\/div>\n<\/div>\n<div class=\"art-content-layout\">\n<div class=\"art-content-layout-row\">\n<div class=\"art-layout-cell layout-item-0\">\n<p><b>B. Conform PT C2 &#8211; 2010:<\/b><\/p>\n<\/div>\n<div class=\"art-layout-cell\"><\/div>\n<\/div>\n<\/div>\n<div class=\"art-content-layout\">\n<div class=\"art-content-layout-row\">\n<div class=\"art-layout-cell layout-item-0\">\n<p class=\"Textbody\">Domeniu de autorizare:<\/p>\n<ul>\n<li>Instalare<\/li>\n<li>Montare<\/li>\n<li>Reparare \u0219i \u00eentre\u021binere<\/li>\n<li>Verific\u0103ri tehnice \u00een utilizare<\/li>\n<\/ul>\n<p>Echipamente:<\/p>\n<ul>\n<li>arz\u0103toare cu combustibil lichid sau gazos care echipeaz\u0103 instala\u021biile tehnologice (Instala\u021bii de uscat, Cuptoare)<\/li>\n<li>arz\u0103toare cu combustibil lichid sau gazos care echipeaz\u0103 aparate de \u00eenc\u0103lzit cu aer cald sau prin radia\u021bie, cu puterea nominal\u0103 P &gt; 400 kW (Generatoare de aer cald, Tuburi radiante, Aparate de aer condi\u021bionat)<\/li>\n<\/ul>\n<\/div>\n<\/div>\n<\/div>\n<div class=\"art-content-layout\">\n<div class=\"art-content-layout-row\">\n<div class=\"art-layout-cell layout-item-0\">\n<p><b>C. Conform PT C11 &#8211; 2010:<\/b><\/p>\n<\/div>\n<div class=\"art-layout-cell\"><\/div>\n<\/div>\n<\/div>\n<div class=\"art-content-layout\">\n<div class=\"art-content-layout-row\">\n<div class=\"art-layout-cell layout-item-0\">\n<p class=\"Textbody\">Domeniu de autorizare:<\/p>\n<ul>\n<li>Instalare<\/li>\n<li>Montare<\/li>\n<li>Reparare \u0219i \u00eentre\u021binere<\/li>\n<\/ul>\n<p class=\"Textbody\">Echipamente:<b><br \/>\n<\/b><\/p>\n<ul>\n<li>sisteme de ardere \u0219i de automatizare pentru:<\/li>\n<\/ul>\n<ol>\n<li>cazane de abur \u0219i cazane de ap\u0103 fierbinte<\/li>\n<li>cazane de ap\u0103 cald\u0103 cu puterea P &gt; 400kW \u0219i cazane de abur de joas\u0219\u00a0presiune cu debitul Q &gt; 0,6 t\/h<\/li>\n<\/ol>\n<ul>\n<li>instala\u00e2ii de automatizare aferente centralelor termice \u0219i instala\u021biilor\u00a0termomecanice anexe a cazanelor sisteme de automatizare noi care integreaz\u0103 sistemele individuale ale cazanelor \u0219i ale instala\u021biilor termomecanice anexe din centralele termice atunci c\u00e2nd nu sunt furnizate de produc\u0103torul cazanelor \u0219i\/sau echipamentelor<\/li>\n<li>modernizarea sistemelor de ardere \u0219i de automatizare ale cazanelor \u0219i\u00a0instala\u021biilor anexe din centralele termice aflate \u00een exploatare<\/li>\n<li>automatizarea centralelor termice \u0219i cazanelor aflate \u00een exploatare \u0219i care nu\u00a0sunt echipate cu sisteme de automatizare<\/li>\n<\/ul>\n<\/div>\n<\/div>\n<\/div>\n<div class=\"art-content-layout\">\n<div class=\"art-content-layout-row\">\n<div class=\"art-layout-cell layout-item-0\">\n<p><b>D. R.S.V.T.I. &#8211; Personal atestat Conform Ordinului Nr.333 din 2006<\/b><\/p>\n<\/div>\n<\/div>\n<\/div>\n<div class=\"art-content-layout\">\n<div class=\"art-content-layout-row\">\n<div class=\"art-layout-cell layout-item-0\">\n<p>Domeniu de autorizare:<\/p>\n<ul>\n<li>Supravegherea \u015fi verificarea echipamentelor\/instala\u0163iilor ISCIR din dotarea sau folosin\u0163a de\u0163in\u0103torilor\/utilizatorilor de instala\u0163ii ISCIR, \u00een conformitate cu prevederile prescrip\u0163iilor tehnice &#8211; colec\u0163ia ISCIR<\/li>\n<\/ul>\n<\/div>\n<\/div>\n<\/div>\n<div class=\"art-content-layout\">\n<div class=\"art-content-layout-row\">\n<div class=\"art-layout-cell layout-item-0\">\n<p>Puneri \u00een func\u021biune:<\/p>\n<\/div>\n<div class=\"art-layout-cell\"><\/div>\n<\/div>\n<\/div>\n<div class=\"art-content-layout\">\n<div class=\"art-content-layout-row\">\n<div class=\"art-layout-cell layout-item-0\">\n<p class=\"Textbody\">Execut\u0103m lucr\u0103ri de PUNERE \u00ceN FUNC\u021aIUNE \u0219i depanare \u00een perioada de garan\u021bie \u0219i postgaran\u021bie, pentru toate echipamentele comercializate prin intermediul magazinelor Romstal \u0219i nu numai.<\/p>\n<p class=\"Textbody\">At\u00e2t pentru respectarea condi\u021biilor puse de produc\u0103tori \u00een vederea acord\u0103rii garan\u021biei echipamentelor, c\u00e2t \u0219i pentru respectarea legisla\u021biei \u00een vigoare privind autorizarea func\u021bion\u0103rii centralelor termice, suntem autoriza\u021bi pentru punerea \u00een func\u021biune. Firma noastr\u0103 \u00eendepline\u0219te aceste condi\u021bii \u0219i execut\u0103 aceast\u0103 opera\u021biune prompt \u0219i profesional prin intermediul personalului nostru de service.<\/p>\n<p class=\"Textbody\">Garan\u021bia echipamentelor comercializate prin intermediul magazinelor Romstal, este stabilit\u0103 de c\u0103tre produc\u0103tor \u0219i asigurat\u0103 de Central Service Instal \u2013 Membru al Grupului Romstal.<\/p>\n<\/div>\n<\/div>\n<\/div>\n<div class=\"art-content-layout\">\n<div class=\"art-content-layout-row\">\n<div class=\"art-layout-cell layout-item-0\">\n<p><b>\u00cen cadrul contractelor de \u00eentre\u021binere se asigur\u0103:<\/b><\/p>\n<\/div>\n<\/div>\n<\/div>\n<div class=\"art-content-layout\">\n<div class=\"art-content-layout-row\">\n<div class=\"art-layout-cell layout-item-0\">\n<ul>\n<li>revizii anuale, pentru echipamentele termice<\/li>\n<li>gazanaliza\u00a0 GRATUIT (pentru consumatorii de gaz)<\/li>\n<li>interven\u021bii \/ repara\u021bii la pre\u021b promo\u021bional, pe toat\u0103 perioad\u0103 de valabilitate a contractului<\/li>\n<li>20% reducere la valoarea manoperei \u0219i a pieselor de schimb, pentru echipamentele contractate<\/li>\n<li>transport gratuit, supus condi\u021biilor contractuale<\/li>\n<\/ul>\n<\/div>\n<\/div>\n<\/div>\n<div class=\"art-content-layout\">\n<div class=\"art-content-layout-row\">\n<div class=\"art-layout-cell layout-item-0\">\n<p>Service, Repara\u021bii \u0219i Echipamente<\/p>\n<\/div>\n<div class=\"art-layout-cell\"><\/div>\n<\/div>\n<\/div>\n<div class=\"art-content-layout\">\n<div class=\"art-content-layout-row\">\n<div class=\"art-layout-cell\">\n<p class=\"Textbody\">Se pot executa revizii la cerere, \u00een afara contractelor de \u00eentre\u021binere pentru echipamente sanitare, termice \u0219i de climatizare, iar pre\u021burile se vor supune tarifelor de catalog, aferente perioadei de facturare.<\/p>\n<p class=\"Textbody\">Asigur\u0103m interven\u021bii \/ repara\u021bii pentru toata gama de produse\u00a0termice \u0219i de climatizare, comercializate de c\u0103tre Grupul Romstal, dar \u0219i pentru orice alte echipamente similare, comercializate de al\u021bi produc\u0103tori sau furnizori.<\/p>\n<p class=\"Textbody\">V\u0103 prezent\u0103m o parte din gama de produse pentru care asigur\u0103m service:<\/p>\n<ul>\n<li>preparatoare instantanee de ap\u0103 cald\u0103 menajer\u0103 pe gaz<\/li>\n<li>microcentrale murale pe gaz cu flacara de veghe \u0219i tiraj natural<\/li>\n<li>microcentrale murale pe gaz cu ionizare \u0219i tiraj for\u021bat<\/li>\n<li>microcentrale murale electrice<\/li>\n<li>microcentrale murale \u00een condensa\u021bie<\/li>\n<li>centrale de pardoseal\u0103<\/li>\n<li>grupuri termice<\/li>\n<li>cazane din font\u0103 \u0219i o\u021bel (toata gama de puteri \u0219i tipuri de combustibil)<\/li>\n<li>cazane de abur<\/li>\n<li>generatoare de aer cald<\/li>\n<li>arz\u0103toare pentru combustibil lichid \u0219i gazos<\/li>\n<li>boilere (gaz, lemne, electrice)<\/li>\n<li>instala\u021bii de dedurizare<\/li>\n<li>aparate de condi\u021bionat, tip split<\/li>\n<li>chillere<\/li>\n<li>centrale de tratare aer<\/li>\n<li>pompe submersibile<\/li>\n<li>pompe hidrofor<\/li>\n<li>grupuri de pompare<\/li>\n<li>rooftop<\/li>\n<li>ventiloconvectoare<\/li>\n<li>vase tampon cu automatizare<\/li>\n<li>automatiz\u0103ri<\/li>\n<li>panouri solare<\/li>\n<\/ul>\n<\/div>\n<\/div>\n<\/div>\n","protected":false},"excerpt":{"rendered":"<p>Enged\u00e9lyek: RSVTI RSL RSV RADTI ISO 9001 ISO 14001 ISO 18001 T\u0171zv\u00e9delmi rendszerek ellen\u00f6rz\u00e9se, karbantart\u00e1sa Generalit\u0103\u021bi Cerin\u021bele minime obligatorii privind instalarea, punerea \u00een func\u021biune, utilizarea,<\/p>\n<div class=\"read-more-wrapper\"><a class=\"link small\" href=\"https:\/\/www.horvathservice.ro\/?page_id=112&#038;lang=hu\" role=\"button\">Read more<span class=\"nc-icon-glyph arrows-1_bold-right\"><\/span><\/a><\/div>\n","protected":false},"author":1,"featured_media":0,"parent":0,"menu_order":0,"comment_status":"closed","ping_status":"closed","template":"","meta":{"footnotes":""},"class_list":["post-112","page","type-page","status-publish","hentry"],"_links":{"self":[{"href":"https:\/\/www.horvathservice.ro\/index.php?rest_route=\/wp\/v2\/pages\/112","targetHints":{"allow":["GET"]}}],"collection":[{"href":"https:\/\/www.horvathservice.ro\/index.php?rest_route=\/wp\/v2\/pages"}],"about":[{"href":"https:\/\/www.horvathservice.ro\/index.php?rest_route=\/wp\/v2\/types\/page"}],"author":[{"embeddable":true,"href":"https:\/\/www.horvathservice.ro\/index.php?rest_route=\/wp\/v2\/users\/1"}],"replies":[{"embeddable":true,"href":"https:\/\/www.horvathservice.ro\/index.php?rest_route=%2Fwp%2Fv2%2Fcomments&post=112"}],"version-history":[{"count":1,"href":"https:\/\/www.horvathservice.ro\/index.php?rest_route=\/wp\/v2\/pages\/112\/revisions"}],"predecessor-version":[{"id":113,"href":"https:\/\/www.horvathservice.ro\/index.php?rest_route=\/wp\/v2\/pages\/112\/revisions\/113"}],"wp:attachment":[{"href":"https:\/\/www.horvathservice.ro\/index.php?rest_route=%2Fwp%2Fv2%2Fmedia&parent=112"}],"curies":[{"name":"wp","href":"https:\/\/api.w.org\/{rel}","templated":true}]}}