{"id":108,"date":"2017-09-13T13:57:38","date_gmt":"2017-09-13T11:57:38","guid":{"rendered":"http:\/\/test.netface.ro\/horvath1\/?page_id=108"},"modified":"2017-09-13T13:57:38","modified_gmt":"2017-09-13T11:57:38","slug":"szolgaltatasaink","status":"publish","type":"page","link":"https:\/\/www.horvathservice.ro\/?page_id=108&lang=hu","title":{"rendered":"Szolg\u00e1ltat\u00e1saink"},"content":{"rendered":"<div class=\"art-content-layout layout-item-1\">\n<div class=\"art-content-layout-row\">\n<div class=\"art-layout-cell layout-item-2\">\n<h4>V\u00edzszerel\u00e9s<\/h4>\n<\/div>\n<div class=\"art-layout-cell\"><\/div>\n<\/div>\n<\/div>\n<div class=\"art-content-layout layout-item-1\">\n<div class=\"art-content-layout-row\">\n<div class=\"art-layout-cell layout-item-2\">\n<p>Pontos \u00e9s gyors v\u00edzszerel\u00e9si munk\u00e1latok:<\/p>\n<ul>\n<li>v\u00edzvezet\u00e9k h\u00e1l\u00f3zatok ki\u00e9p\u00edt\u00e9se, fel\u00faj\u00edt\u00e1sa<\/li>\n<li>f\u00fcrd\u0151szob\u00e1k teljes k\u00f6r\u0171 fel\u00faj\u00edt\u00e1sa, anyag biztos\u00edt\u00e1ssal, ig\u00e9ny szerint burkol\u00e1ssal<\/li>\n<li>nyom\u00f3-, \u00e9s lefoly\u00f3vezet\u00e9kek, strangok cser\u00e9je, jav\u00edt\u00e1sa<\/li>\n<li>v\u00edz\u00f3r\u00e1k egy\u00e9ni, illetve csoportos cser\u00e9je<\/li>\n<li>dugul\u00e1s elh\u00e1r\u00edt\u00e1s, falbont\u00e1s n\u00e9lk\u00fcl<\/li>\n<li>v\u00edzsz\u0171r\u0151k, v\u00edzl\u00e1gy\u00edt\u00f3k be\u00e9p\u00edt\u00e9se<\/li>\n<li>cs\u0151t\u00f6r\u00e9sek elh\u00e1r\u00edt\u00e1sa<\/li>\n<li>csapok, v\u00edzvezet\u00e9k szerelv\u00e9nyek, szaniterek jav\u00edt\u00e1sa, cser\u00e9je<\/li>\n<\/ul>\n<p>V\u00c1LLALJUK A K\u00c9SZ\u00dcL\u00c9KEK BESZERZ\u00c9S\u00c9T \u00c9S SZ\u00c1LL\u00cdT\u00c1S\u00c1T IS!<\/p>\n<\/div>\n<\/div>\n<\/div>\n<div class=\"art-content-layout layout-item-1\">\n<div class=\"art-content-layout-row\">\n<div class=\"art-layout-cell layout-item-2\">\n<p>F\u0171t\u00e9sszerel\u00e9s<\/p>\n<\/div>\n<div class=\"art-layout-cell\"><\/div>\n<\/div>\n<\/div>\n<div class=\"art-content-layout layout-item-1\">\n<div class=\"art-content-layout-row\">\n<div class=\"art-layout-cell layout-item-2\">\n<p class=\"Textbody\">Professzion\u00e1lis f\u0171t\u00e9sszerel\u00e9s:<\/p>\n<ul>\n<li>f\u0171t\u00e9si rendszerek ki\u00e9p\u00edt\u00e9se, \u00e1talak\u00edt\u00e1sa<\/li>\n<li>radi\u00e1torok cser\u00e9je<\/li>\n<li>padl\u00f3f\u0171t\u00e9s rendszer kialak\u00edt\u00e1sa<\/li>\n<\/ul>\n<\/div>\n<\/div>\n<\/div>\n<div class=\"art-content-layout layout-item-1\">\n<div class=\"art-content-layout-row\">\n<div class=\"art-layout-cell layout-item-3\">\n<p>Szervizel\u00e9s<\/p>\n<\/div>\n<div class=\"art-layout-cell\"><\/div>\n<\/div>\n<\/div>\n<div class=\"art-content-layout layout-item-1\">\n<div class=\"art-content-layout-row\">\n<div class=\"art-layout-cell\">\n<ul>\n<li>ARISTON,\u00a0VIESSMANN\u00a0\u00e9s\u00a0BOSCH\u00a0g\u00e1zk\u00e9sz\u00fcl\u00e9kek teljes szervizel\u00e9se<\/li>\n<li>ARISTON,\u00a0VIESSMANN\u00a0\u00e9s\u00a0BOSCH\u00a0bojlerek jav\u00edt\u00e1sa cser\u00e9je<\/li>\n<li>ARISTON,\u00a0VIESSMANN\u00a0\u00e9s\u00a0BOSCH\u00a0g\u00e1zkaz\u00e1nok v\u00edzk\u0151 mentes\u00edt\u00e9se<\/li>\n<li>ARISTON,\u00a0VIESSMANN\u00a0\u00e9s\u00a0BOSCH\u00a0g\u00e1zk\u00e9sz\u00fcl\u00e9kek karbantart\u00e1sa<\/li>\n<li>ARISTON,\u00a0VIESSMANN\u00a0\u00e9s\u00a0BOSCH\u00a0bojlerek, v\u00edzmeleg\u00edt\u0151k rev\u00edzi\u00f3ja<\/li>\n<li>ARISTON,\u00a0VIESSMANN\u00a0\u00e9s\u00a0BOSCH\u00a0g\u00e1zk\u00e9sz\u00fcl\u00e9kek el\u0151\u00edr\u00e1s szerinti, szakszer\u0171 bek\u00f6t\u00e9se<\/li>\n<li>ARISTON,\u00a0VIESSMANN\u00a0\u00e9s\u00a0BOSCH\u00a0g\u00e1zkaz\u00e1nok, g\u00e1zk\u00e9sz\u00fcl\u00e9kek biztons\u00e1gtechnikai fel\u00fclvizsg\u00e1lata<\/li>\n<li>ARISTON,\u00a0VIESSMANN\u00a0\u00e9s\u00a0BOSCH\u00a0g\u00e1zk\u00e9sz\u00fcl\u00e9kek g\u00e1zsziv\u00e1rg\u00e1s ill. CO. ellen\u0151rz\u00e9se<\/li>\n<li>ARISTON,\u00a0VIESSMANN\u00a0\u00e9s\u00a0BOSCH\u00a0g\u00e1zkaz\u00e1nok vegyszeres &#8211; g\u00e9pi tiszt\u00edt\u00e1sa, f\u0171t\u00e9si rendszer \u00e1tmos\u00e1sa<\/li>\n<li>ARISTON,\u00a0VIESSMANN\u00a0\u00e9s\u00a0BOSCH\u00a0g\u00e1zk\u00e9sz\u00fcl\u00e9kek, bojlerek, kaz\u00e1nok korozi\u00f3v\u00e9delme<\/li>\n<\/ul>\n<\/div>\n<\/div>\n<\/div>\n","protected":false},"excerpt":{"rendered":"<p>V\u00edzszerel\u00e9s Pontos \u00e9s gyors v\u00edzszerel\u00e9si munk\u00e1latok: v\u00edzvezet\u00e9k h\u00e1l\u00f3zatok ki\u00e9p\u00edt\u00e9se, fel\u00faj\u00edt\u00e1sa f\u00fcrd\u0151szob\u00e1k teljes k\u00f6r\u0171 fel\u00faj\u00edt\u00e1sa, anyag biztos\u00edt\u00e1ssal, ig\u00e9ny szerint burkol\u00e1ssal nyom\u00f3-, \u00e9s lefoly\u00f3vezet\u00e9kek, strangok cser\u00e9je, jav\u00edt\u00e1sa<\/p>\n<div class=\"read-more-wrapper\"><a class=\"link small\" href=\"https:\/\/www.horvathservice.ro\/?page_id=108&#038;lang=hu\" role=\"button\">Read more<span class=\"nc-icon-glyph arrows-1_bold-right\"><\/span><\/a><\/div>\n","protected":false},"author":1,"featured_media":0,"parent":0,"menu_order":0,"comment_status":"closed","ping_status":"closed","template":"","meta":{"footnotes":""},"class_list":["post-108","page","type-page","status-publish","hentry"],"_links":{"self":[{"href":"https:\/\/www.horvathservice.ro\/index.php?rest_route=\/wp\/v2\/pages\/108","targetHints":{"allow":["GET"]}}],"collection":[{"href":"https:\/\/www.horvathservice.ro\/index.php?rest_route=\/wp\/v2\/pages"}],"about":[{"href":"https:\/\/www.horvathservice.ro\/index.php?rest_route=\/wp\/v2\/types\/page"}],"author":[{"embeddable":true,"href":"https:\/\/www.horvathservice.ro\/index.php?rest_route=\/wp\/v2\/users\/1"}],"replies":[{"embeddable":true,"href":"https:\/\/www.horvathservice.ro\/index.php?rest_route=%2Fwp%2Fv2%2Fcomments&post=108"}],"version-history":[{"count":1,"href":"https:\/\/www.horvathservice.ro\/index.php?rest_route=\/wp\/v2\/pages\/108\/revisions"}],"predecessor-version":[{"id":109,"href":"https:\/\/www.horvathservice.ro\/index.php?rest_route=\/wp\/v2\/pages\/108\/revisions\/109"}],"wp:attachment":[{"href":"https:\/\/www.horvathservice.ro\/index.php?rest_route=%2Fwp%2Fv2%2Fmedia&parent=108"}],"curies":[{"name":"wp","href":"https:\/\/api.w.org\/{rel}","templated":true}]}}